{"id":25265,"date":"2021-01-29T06:07:03","date_gmt":"2021-01-29T09:07:03","guid":{"rendered":"https:\/\/neurodisfuncao.med.br\/?page_id=25265"},"modified":"2022-02-04T16:47:05","modified_gmt":"2022-02-04T19:47:05","slug":"quem-somos","status":"publish","type":"page","link":"https:\/\/neurodisfuncao.med.br\/?page_id=25265","title":{"rendered":"Quem Somos"},"content":{"rendered":"\n<div class=\"wp-block-cover alignfull is-light is-repeated\" style=\"background-image:url(http:\/\/neurodisfuncao.med.br\/wp-content\/uploads\/2022\/02\/nova-capa-2.png);min-height:400px;aspect-ratio:unset;\"><span aria-hidden=\"true\" class=\"has-background-dim-0 wp-block-cover__gradient-background has-background-dim\"><\/span><div class=\"wp-block-cover__inner-container is-layout-flow wp-block-cover-is-layout-flow\">\n<h1 class=\"has-text-align-center wp-block-heading\" id=\"neurodisfuncao-pelvica\">Neurodisfun\u00e7\u00e3o P\u00e9lvica<\/h1>\n\n\n\n<p class=\"has-text-align-center\">Saiba quem somos e qual \u00e9 a nossa proposta.<\/p>\n<\/div><\/div>\n\n\n\n<div class=\"wp-block-group alignwide is-layout-flow wp-block-group-is-layout-flow\">\n<figure class=\"wp-block-embed is-type-video is-provider-youtube wp-block-embed-youtube wp-embed-aspect-16-9 wp-has-aspect-ratio\"><div class=\"wp-block-embed__wrapper\">\n<iframe loading=\"lazy\" title=\"Implante Laparosc\u00f3pico de Neuromoduladores na Reabilita\u00e7\u00e3o de Pessoas com Les\u00e3o Medular\" width=\"500\" height=\"281\" src=\"https:\/\/www.youtube.com\/embed\/8MpaBMjdkf0?feature=oembed\" frameborder=\"0\" allow=\"accelerometer; autoplay; clipboard-write; encrypted-media; gyroscope; picture-in-picture; web-share\" referrerpolicy=\"strict-origin-when-cross-origin\" allowfullscreen><\/iframe>\n<\/div><\/figure>\n<\/div>\n\n\n\n<div class=\"wp-block-group alignwide is-layout-flow wp-block-group-is-layout-flow\">\n<p>Coordenador cient\u00edfico do site Neurodisfun\u00e7\u00e3o P\u00e9lvica, o Prof. Dr. Nucelio Luiz de Barros Moreira Lemos \u00e9 graduado pela Faculdade de Ci\u00eancias M\u00e9dicas da Santa Casa de S\u00e3o Paulo em 2003.&nbsp;<\/p>\n\n\n\n<p>Concluiu o Doutorado em Medicina, \u00e1rea de concentra\u00e7\u00e3o em Tocoginecologia, nesta mesma institui\u00e7\u00e3o em 2008. Atuou como m\u00e9dico volunt\u00e1rio no Departamento de Obstetr\u00edcia e Ginecologia da Irmandade da Santa Casa de Misericordia de S\u00e3o Paulo, desenvolvendo a linha de pesquisa sobre etiopatogenia e tratamento das disfun\u00e7\u00f5es do assoalho p\u00e9lvico, na Cl\u00ednica de Uroginecologia e Cirurgia Vaginal, de fevereiro de 2006 a outubro de 2009.<\/p>\n\n\n\n<p>De junho a outubro de 2010, cursou Fellowship em Neurodisfun\u00e7\u00f5es P\u00e9lvicas pela International School of Neuropelveology, na Klinik Hirslanden, Zurique, Su\u00ed\u00e7a, ao lado do franc\u00eas Prof. Marc Possover idealizador da neuropelveologia.<\/p>\n\n\n\n<p>Primeiro especialista capacitado pelo Prof. Possover, foi o respons\u00e1vel por trazer as novas t\u00e9cnicas ao pa\u00eds. Hoje, as t\u00e9cnicas criadas pelo prof. Possover s\u00e3o aplicadas no primeiro Ambulat\u00f3rio de Neuropelveologia do pa\u00eds, na Universidade Universidade Federal de S\u00e3o Paulo, UNIFESP, Brasil.&nbsp;<\/p>\n\n\n\n<p>O Setor de Neurodisfun\u00e7\u00f5es P\u00e9lvicas \u00e9 coordenado pelo Dr. Nucelio que, desde 2010 desenvolve seu P\u00f3s-Doutorado em Ginecologia na Universidade Federal de S\u00e3o Paulo (UNIFESP), com as linhas de pesquisa &#8220;Diagn\u00f3stico e Tratamento das Neurodisfun\u00e7\u00f5es P\u00e9lvicas, Disfun\u00e7\u00f5es do Assoalho P\u00e9lvico e da Dor P\u00e9lvica e Perineal&#8221;.&nbsp;<\/p>\n\n\n\n<p><a href=\"http:\/\/buscatextual.cnpq.br\/buscatextual\/visualizacv.do?metodo=apresentar&amp;id=K4774004Y5\" target=\"_blank\" rel=\"noreferrer noopener\">Acesse aqui o curr\u00edculo Lattes do Dr. Nucelio Lemos.<\/a><\/p>\n\n\n\n<div class=\"wp-block-cover is-light\" style=\"min-height:275px;aspect-ratio:unset;\"><span aria-hidden=\"true\" class=\"has-background-dim-100 wp-block-cover__gradient-background has-background-dim\" style=\"background-color:#ef7d00\"><\/span><div class=\"wp-block-cover__inner-container is-layout-flow wp-block-cover-is-layout-flow\">\n<h3 class=\"has-text-align-center has-white-color has-text-color wp-block-heading\" id=\"procurando-um-especialista\">Procurando um especialista?<\/h3>\n\n\n\n<p class=\"has-text-align-center has-white-color has-text-color\">Envie uma mensagem! <\/p>\n\n\n\n<div class=\"wp-block-buttons is-horizontal is-content-justification-center is-layout-flex wp-container-core-buttons-is-layout-03627597 wp-block-buttons-is-layout-flex\">\n<div class=\"wp-block-button\"><a class=\"wp-block-button__link has-black-color has-white-background-color has-text-color has-background\" href=\"https:\/\/neurodisfuncao.med.br\/?page_id=25267\">Contato<\/a><\/div>\n<\/div>\n<\/div><\/div>\n<\/div>\n\n\n\n<div class=\"wp-block-group alignwide is-layout-flow wp-block-group-is-layout-flow\">\n<h2 class=\"has-text-align-center wp-block-heading\" id=\"neurodisfuncao-midia\">Neurodisfun\u00e7\u00e3o P\u00e9lvica na M\u00eddia<\/h2>\n\n\n\n<p class=\"has-text-align-center\"><\/p>\n\n\n\n<div class=\"wp-block-columns is-layout-flex wp-container-core-columns-is-layout-28f84493 wp-block-columns-is-layout-flex\">\n<div class=\"wp-block-column is-layout-flow wp-block-column-is-layout-flow\" style=\"flex-basis:32.5%\">\n<div class=\"wp-block-group has-background is-layout-flow wp-block-group-is-layout-flow\" style=\"background-color:#eeeeee\">\n<h3 class=\"wp-block-heading\" id=\"o-estado-de-sao-paulo\">O Estado De S\u00e3o Paulo<\/h3>\n\n\n\n<hr class=\"wp-block-separator has-text-color has-background has-black-background-color has-black-color is-style-wide\"\/>\n\n\n\n<p>T\u00e9cnica permite parapl\u00e9gico recuperar parte dos movimentos perdidos.<\/p>\n\n\n\n<div class=\"wp-block-buttons is-layout-flex wp-block-buttons-is-layout-flex\">\n<div class=\"wp-block-button is-style-fill\"><a class=\"wp-block-button__link has-background\" href=\"http:\/\/saude.estadao.com.br\/noticias\/geral,unifesp-lanca-tecnica-que-permite-paraplegico-recuperar-parte-dos-movimentos-perdidos,1505436\" style=\"background-color:#d57e1c\" target=\"_blank\" rel=\"noreferrer noopener\"><mark style=\"background-color:rgba(0, 0, 0, 0)\" class=\"has-inline-color has-white-color\">Abrir<\/mark><\/a><\/div>\n<\/div>\n<\/div>\n<\/div>\n\n\n\n<div class=\"wp-block-column is-layout-flow wp-block-column-is-layout-flow\" style=\"flex-basis:33%\">\n<div class=\"wp-block-group has-background is-layout-flow wp-block-group-is-layout-flow\" style=\"background-color:#eeeeee\">\n<h3 class=\"wp-block-heading\" id=\"cbn\">CBN <\/h3>\n\n\n\n<hr class=\"wp-block-separator has-text-color has-background has-black-background-color has-black-color is-style-wide\"\/>\n\n\n\n<p>T\u00e9cnica in\u00e9dita pode trazer mobilidade em pacientes com les\u00e3o medular grave.<\/p>\n\n\n\n<div class=\"wp-block-buttons is-layout-flex wp-block-buttons-is-layout-flex\">\n<div class=\"wp-block-button\"><a class=\"wp-block-button__link has-background\" href=\"http:\/\/cbn.globoradio.globo.com\/programas\/cbn-total\/2014\/06\/04\/TECNICA-INEDITA-PODE-TRAZER-MOBILIDADE-EM-PACIENTES-COM-LESAO-MEDULAR-GRAVE.htm#ixzz34BLbiAw2\" style=\"background-color:#d57e1c\" target=\"_blank\" rel=\"noreferrer noopener\"><mark style=\"background-color:rgba(0, 0, 0, 0)\" class=\"has-inline-color has-white-color\">Abrir<\/mark><\/a><\/div>\n<\/div>\n<\/div>\n<\/div>\n\n\n\n<div class=\"wp-block-column is-layout-flow wp-block-column-is-layout-flow\" style=\"flex-basis:33%\">\n<div class=\"wp-block-group has-background is-layout-flow wp-block-group-is-layout-flow\" style=\"background-color:#eeeeee\">\n<h3 class=\"wp-block-heading\" id=\"rede-tv-news\">Rede TV News<\/h3>\n\n\n\n<hr class=\"wp-block-separator has-text-color has-background has-black-background-color has-black-color is-style-wide\"\/>\n\n\n\n<p>Aparelho ajuda tetrapl\u00e9gicos a recuperar os movimentos.<\/p>\n\n\n\n<div class=\"wp-block-buttons is-layout-flex wp-block-buttons-is-layout-flex\">\n<div class=\"wp-block-button\"><a class=\"wp-block-button__link has-background\" href=\"https:\/\/www.youtube.com\/watch?v=gP7txhbvpBE\" style=\"background-color:#d57e1c\" target=\"_blank\" rel=\"noreferrer noopener\"><mark style=\"background-color:rgba(0, 0, 0, 0)\" class=\"has-inline-color has-white-color\">Abrir<\/mark><\/a><\/div>\n<\/div>\n<\/div>\n<\/div>\n<\/div>\n\n\n\n<div class=\"wp-block-columns is-layout-flex wp-container-core-columns-is-layout-28f84493 wp-block-columns-is-layout-flex\">\n<div class=\"wp-block-column is-layout-flow wp-block-column-is-layout-flow\" style=\"flex-basis:32.5%\">\n<div class=\"wp-block-group has-background is-layout-flow wp-block-group-is-layout-flow\" style=\"background-color:#eeeeee\">\n<h3 class=\"wp-block-heading\" id=\"jornal-da-band\">Jornal da Band<\/h3>\n\n\n\n<hr class=\"wp-block-separator has-text-color has-background has-black-background-color has-black-color is-style-wide\"\/>\n\n\n\n<p>Implante Laparosc\u00f3pico de Neuromodulador.<\/p>\n\n\n\n<div class=\"wp-block-buttons is-layout-flex wp-block-buttons-is-layout-flex\">\n<div class=\"wp-block-button\"><a class=\"wp-block-button__link has-background\" href=\"https:\/\/www.youtube.com\/watch?v=B8HI4CJcHdU\" style=\"background-color:#d57e1c\" target=\"_blank\" rel=\"noreferrer noopener\"><mark style=\"background-color:rgba(0, 0, 0, 0)\" class=\"has-inline-color has-white-color\">Abrir<\/mark><\/a><\/div>\n<\/div>\n<\/div>\n<\/div>\n\n\n\n<div class=\"wp-block-column is-layout-flow wp-block-column-is-layout-flow\" style=\"flex-basis:33%\">\n<div class=\"wp-block-group has-background is-layout-flow wp-block-group-is-layout-flow\" style=\"background-color:#eeeeee\">\n<h3 class=\"wp-block-heading\" id=\"globo-news\">Globo News<\/h3>\n\n\n\n<hr class=\"wp-block-separator has-text-color has-background has-black-background-color has-black-color is-style-wide\"\/>\n\n\n\n<p>Nova t\u00e9cnica cir\u00fargica faz tetrapl\u00e9gico recuperar parte dos movimentos.<\/p>\n\n\n\n<div class=\"wp-block-buttons is-layout-flex wp-block-buttons-is-layout-flex\">\n<div class=\"wp-block-button\"><a class=\"wp-block-button__link has-background\" href=\"https:\/\/www.youtube.com\/watch?v=2nnyyj1cIyg\" style=\"background-color:#d57e1c\" target=\"_blank\" rel=\"noreferrer noopener\"><mark style=\"background-color:rgba(0, 0, 0, 0)\" class=\"has-inline-color has-white-color\">Abrir<\/mark><\/a><\/div>\n<\/div>\n<\/div>\n<\/div>\n\n\n\n<div class=\"wp-block-column is-layout-flow wp-block-column-is-layout-flow\" style=\"flex-basis:33%\">\n<div class=\"wp-block-group has-background is-layout-flow wp-block-group-is-layout-flow\" style=\"background-color:#eeeeee\">\n<h3 class=\"wp-block-heading\" id=\"tv-cultura\">TV Cultura<\/h3>\n\n\n\n<hr class=\"wp-block-separator has-text-color has-background has-black-background-color has-black-color is-style-wide\"\/>\n\n\n\n<p>Dr. Nucelio Lemos fala sobre a cirurgia da medula.<\/p>\n\n\n\n<div class=\"wp-block-buttons is-layout-flex wp-block-buttons-is-layout-flex\">\n<div class=\"wp-block-button\"><a class=\"wp-block-button__link has-background\" href=\"https:\/\/www.youtube.com\/watch?v=IN2jLkmrjU0&amp;feature=emb_imp_woyt\" style=\"background-color:#d57e1c\" target=\"_blank\" rel=\"noreferrer noopener\"><mark style=\"background-color:rgba(0, 0, 0, 0)\" class=\"has-inline-color has-white-color\">Abrir<\/mark><\/a><\/div>\n<\/div>\n<\/div>\n<\/div>\n<\/div>\n<\/div>\n\n\n\n<p><\/p>\n","protected":false},"excerpt":{"rendered":"<p>Coordenador cient\u00edfico do site Neurodisfun\u00e7\u00e3o P\u00e9lvica, o Prof. Dr. Nucelio Luiz de Barros Moreira Lemos \u00e9 graduado pela Faculdade de Ci\u00eancias M\u00e9dicas da Santa Casa de S\u00e3o Paulo em 2003.&nbsp; Concluiu o Doutorado em Medicina, \u00e1rea de concentra\u00e7\u00e3o em Tocoginecologia, nesta mesma institui\u00e7\u00e3o em 2008. Atuou como m\u00e9dico volunt\u00e1rio no Departamento de Obstetr\u00edcia e Ginecologia [&hellip;]<\/p>\n","protected":false},"author":1,"featured_media":0,"parent":0,"menu_order":0,"comment_status":"closed","ping_status":"closed","template":"","meta":{"footnotes":""},"class_list":["post-25265","page","type-page","status-publish","hentry"],"_links":{"self":[{"href":"https:\/\/neurodisfuncao.med.br\/index.php?rest_route=\/wp\/v2\/pages\/25265","targetHints":{"allow":["GET"]}}],"collection":[{"href":"https:\/\/neurodisfuncao.med.br\/index.php?rest_route=\/wp\/v2\/pages"}],"about":[{"href":"https:\/\/neurodisfuncao.med.br\/index.php?rest_route=\/wp\/v2\/types\/page"}],"author":[{"embeddable":true,"href":"https:\/\/neurodisfuncao.med.br\/index.php?rest_route=\/wp\/v2\/users\/1"}],"replies":[{"embeddable":true,"href":"https:\/\/neurodisfuncao.med.br\/index.php?rest_route=%2Fwp%2Fv2%2Fcomments&post=25265"}],"version-history":[{"count":14,"href":"https:\/\/neurodisfuncao.med.br\/index.php?rest_route=\/wp\/v2\/pages\/25265\/revisions"}],"predecessor-version":[{"id":26821,"href":"https:\/\/neurodisfuncao.med.br\/index.php?rest_route=\/wp\/v2\/pages\/25265\/revisions\/26821"}],"wp:attachment":[{"href":"https:\/\/neurodisfuncao.med.br\/index.php?rest_route=%2Fwp%2Fv2%2Fmedia&parent=25265"}],"curies":[{"name":"wp","href":"https:\/\/api.w.org\/{rel}","templated":true}]}}

<div class="wp-block-cover alignfull is-light is-repeated" style="background-image:url(http://neurodisfuncao.med.br/wp-content/uploads/2022/02/nova-capa-2.png);min-height:400px;aspect-ratio:unset;"><span aria-hidden="true" class="has-background-dim-0 wp-block-cover__gradient-background has-background-dim"></span><div class="wp-block-cover__inner-container is-layout-flow wp-block-cover-is-layout-flow">
<h1 class="has-text-align-center wp-block-heading" id="neurodisfuncao-pelvica">Neurodisfunção Pélvica</h1>



<p class="has-text-align-center">Saiba quem somos e qual é a nossa proposta.</p>
</div></div>



<div class="wp-block-group alignwide is-layout-flow wp-block-group-is-layout-flow">
<figure class="wp-block-embed is-type-video is-provider-youtube wp-block-embed-youtube wp-embed-aspect-16-9 wp-has-aspect-ratio"><div class="wp-block-embed__wrapper">
<iframe loading="lazy" title="Implante Laparoscópico de Neuromoduladores na Reabilitação de Pessoas com Lesão Medular" width="500" height="281" src="https://www.youtube.com/embed/8MpaBMjdkf0?feature=oembed" frameborder="0" allow="accelerometer; autoplay; clipboard-write; encrypted-media; gyroscope; picture-in-picture; web-share" referrerpolicy="strict-origin-when-cross-origin" allowfullscreen></iframe>
</div></figure>
</div>



<div class="wp-block-group alignwide is-layout-flow wp-block-group-is-layout-flow">
<p>Coordenador científico do site Neurodisfunção Pélvica, o Prof. Dr. Nucelio Luiz de Barros Moreira Lemos é graduado pela Faculdade de Ciências Médicas da Santa Casa de São Paulo em 2003.&nbsp;</p>



<p>Concluiu o Doutorado em Medicina, área de concentração em Tocoginecologia, nesta mesma instituição em 2008. Atuou como médico voluntário no Departamento de Obstetrícia e Ginecologia da Irmandade da Santa Casa de Misericordia de São Paulo, desenvolvendo a linha de pesquisa sobre etiopatogenia e tratamento das disfunções do assoalho pélvico, na Clínica de Uroginecologia e Cirurgia Vaginal, de fevereiro de 2006 a outubro de 2009.</p>



<p>De junho a outubro de 2010, cursou Fellowship em Neurodisfunções Pélvicas pela International School of Neuropelveology, na Klinik Hirslanden, Zurique, Suíça, ao lado do francês Prof. Marc Possover idealizador da neuropelveologia.</p>



<p>Primeiro especialista capacitado pelo Prof. Possover, foi o responsável por trazer as novas técnicas ao país. Hoje, as técnicas criadas pelo prof. Possover são aplicadas no primeiro Ambulatório de Neuropelveologia do país, na Universidade Universidade Federal de São Paulo, UNIFESP, Brasil.&nbsp;</p>



<p>O Setor de Neurodisfunções Pélvicas é coordenado pelo Dr. Nucelio que, desde 2010 desenvolve seu Pós-Doutorado em Ginecologia na Universidade Federal de São Paulo (UNIFESP), com as linhas de pesquisa &#8220;Diagnóstico e Tratamento das Neurodisfunções Pélvicas, Disfunções do Assoalho Pélvico e da Dor Pélvica e Perineal&#8221;.&nbsp;</p>



<p><a href="http://buscatextual.cnpq.br/buscatextual/visualizacv.do?metodo=apresentar&amp;id=K4774004Y5" target="_blank" rel="noreferrer noopener">Acesse aqui o currículo Lattes do Dr. Nucelio Lemos.</a></p>



<div class="wp-block-cover is-light" style="min-height:275px;aspect-ratio:unset;"><span aria-hidden="true" class="has-background-dim-100 wp-block-cover__gradient-background has-background-dim" style="background-color:#ef7d00"></span><div class="wp-block-cover__inner-container is-layout-flow wp-block-cover-is-layout-flow">
<h3 class="has-text-align-center has-white-color has-text-color wp-block-heading" id="procurando-um-especialista">Procurando um especialista?</h3>



<p class="has-text-align-center has-white-color has-text-color">Envie uma mensagem! </p>



<div class="wp-block-buttons is-horizontal is-content-justification-center is-layout-flex wp-container-core-buttons-is-layout-03627597 wp-block-buttons-is-layout-flex">
<div class="wp-block-button"><a class="wp-block-button__link has-black-color has-white-background-color has-text-color has-background" href="https://neurodisfuncao.med.br/?page_id=25267">Contato</a></div>
</div>
</div></div>
</div>



<div class="wp-block-group alignwide is-layout-flow wp-block-group-is-layout-flow">
<h2 class="has-text-align-center wp-block-heading" id="neurodisfuncao-midia">Neurodisfunção Pélvica na Mídia</h2>



<p class="has-text-align-center"></p>



<div class="wp-block-columns is-layout-flex wp-container-core-columns-is-layout-28f84493 wp-block-columns-is-layout-flex">
<div class="wp-block-column is-layout-flow wp-block-column-is-layout-flow" style="flex-basis:32.5%">
<div class="wp-block-group has-background is-layout-flow wp-block-group-is-layout-flow" style="background-color:#eeeeee">
<h3 class="wp-block-heading" id="o-estado-de-sao-paulo">O Estado De São Paulo</h3>



<hr class="wp-block-separator has-text-color has-background has-black-background-color has-black-color is-style-wide"/>



<p>Técnica permite paraplégico recuperar parte dos movimentos perdidos.</p>



<div class="wp-block-buttons is-layout-flex wp-block-buttons-is-layout-flex">
<div class="wp-block-button is-style-fill"><a class="wp-block-button__link has-background" href="http://saude.estadao.com.br/noticias/geral,unifesp-lanca-tecnica-que-permite-paraplegico-recuperar-parte-dos-movimentos-perdidos,1505436" style="background-color:#d57e1c" target="_blank" rel="noreferrer noopener"><mark style="background-color:rgba(0, 0, 0, 0)" class="has-inline-color has-white-color">Abrir</mark></a></div>
</div>
</div>
</div>



<div class="wp-block-column is-layout-flow wp-block-column-is-layout-flow" style="flex-basis:33%">
<div class="wp-block-group has-background is-layout-flow wp-block-group-is-layout-flow" style="background-color:#eeeeee">
<h3 class="wp-block-heading" id="cbn">CBN </h3>



<hr class="wp-block-separator has-text-color has-background has-black-background-color has-black-color is-style-wide"/>



<p>Técnica inédita pode trazer mobilidade em pacientes com lesão medular grave.</p>



<div class="wp-block-buttons is-layout-flex wp-block-buttons-is-layout-flex">
<div class="wp-block-button"><a class="wp-block-button__link has-background" href="http://cbn.globoradio.globo.com/programas/cbn-total/2014/06/04/TECNICA-INEDITA-PODE-TRAZER-MOBILIDADE-EM-PACIENTES-COM-LESAO-MEDULAR-GRAVE.htm#ixzz34BLbiAw2" style="background-color:#d57e1c" target="_blank" rel="noreferrer noopener"><mark style="background-color:rgba(0, 0, 0, 0)" class="has-inline-color has-white-color">Abrir</mark></a></div>
</div>
</div>
</div>



<div class="wp-block-column is-layout-flow wp-block-column-is-layout-flow" style="flex-basis:33%">
<div class="wp-block-group has-background is-layout-flow wp-block-group-is-layout-flow" style="background-color:#eeeeee">
<h3 class="wp-block-heading" id="rede-tv-news">Rede TV News</h3>



<hr class="wp-block-separator has-text-color has-background has-black-background-color has-black-color is-style-wide"/>



<p>Aparelho ajuda tetraplégicos a recuperar os movimentos.</p>



<div class="wp-block-buttons is-layout-flex wp-block-buttons-is-layout-flex">
<div class="wp-block-button"><a class="wp-block-button__link has-background" href="https://www.youtube.com/watch?v=gP7txhbvpBE" style="background-color:#d57e1c" target="_blank" rel="noreferrer noopener"><mark style="background-color:rgba(0, 0, 0, 0)" class="has-inline-color has-white-color">Abrir</mark></a></div>
</div>
</div>
</div>
</div>



<div class="wp-block-columns is-layout-flex wp-container-core-columns-is-layout-28f84493 wp-block-columns-is-layout-flex">
<div class="wp-block-column is-layout-flow wp-block-column-is-layout-flow" style="flex-basis:32.5%">
<div class="wp-block-group has-background is-layout-flow wp-block-group-is-layout-flow" style="background-color:#eeeeee">
<h3 class="wp-block-heading" id="jornal-da-band">Jornal da Band</h3>



<hr class="wp-block-separator has-text-color has-background has-black-background-color has-black-color is-style-wide"/>



<p>Implante Laparoscópico de Neuromodulador.</p>



<div class="wp-block-buttons is-layout-flex wp-block-buttons-is-layout-flex">
<div class="wp-block-button"><a class="wp-block-button__link has-background" href="https://www.youtube.com/watch?v=B8HI4CJcHdU" style="background-color:#d57e1c" target="_blank" rel="noreferrer noopener"><mark style="background-color:rgba(0, 0, 0, 0)" class="has-inline-color has-white-color">Abrir</mark></a></div>
</div>
</div>
</div>



<div class="wp-block-column is-layout-flow wp-block-column-is-layout-flow" style="flex-basis:33%">
<div class="wp-block-group has-background is-layout-flow wp-block-group-is-layout-flow" style="background-color:#eeeeee">
<h3 class="wp-block-heading" id="globo-news">Globo News</h3>



<hr class="wp-block-separator has-text-color has-background has-black-background-color has-black-color is-style-wide"/>



<p>Nova técnica cirúrgica faz tetraplégico recuperar parte dos movimentos.</p>



<div class="wp-block-buttons is-layout-flex wp-block-buttons-is-layout-flex">
<div class="wp-block-button"><a class="wp-block-button__link has-background" href="https://www.youtube.com/watch?v=2nnyyj1cIyg" style="background-color:#d57e1c" target="_blank" rel="noreferrer noopener"><mark style="background-color:rgba(0, 0, 0, 0)" class="has-inline-color has-white-color">Abrir</mark></a></div>
</div>
</div>
</div>



<div class="wp-block-column is-layout-flow wp-block-column-is-layout-flow" style="flex-basis:33%">
<div class="wp-block-group has-background is-layout-flow wp-block-group-is-layout-flow" style="background-color:#eeeeee">
<h3 class="wp-block-heading" id="tv-cultura">TV Cultura</h3>



<hr class="wp-block-separator has-text-color has-background has-black-background-color has-black-color is-style-wide"/>



<p>Dr. Nucelio Lemos fala sobre a cirurgia da medula.</p>



<div class="wp-block-buttons is-layout-flex wp-block-buttons-is-layout-flex">
<div class="wp-block-button"><a class="wp-block-button__link has-background" href="https://www.youtube.com/watch?v=IN2jLkmrjU0&amp;feature=emb_imp_woyt" style="background-color:#d57e1c" target="_blank" rel="noreferrer noopener"><mark style="background-color:rgba(0, 0, 0, 0)" class="has-inline-color has-white-color">Abrir</mark></a></div>
</div>
</div>
</div>
</div>
</div>



<p></p>

<p>Coordenador científico do site Neurodisfunção Pélvica, o Prof. Dr. Nucelio Luiz de Barros Moreira Lemos é graduado pela Faculdade de Ciências Médicas da Santa Casa de São Paulo em 2003.&nbsp; Concluiu o Doutorado em Medicina, área de concentração em Tocoginecologia, nesta mesma instituição em 2008. Atuou como médico voluntário no Departamento de Obstetrícia e Ginecologia [&hellip;]</p>
